n base 7, what is 16565666 + -14?
16565652
In base 12, what is -75 + -132398?
-132451
In base 13, what is 7 + 3a54849?
3a54853
In base 12, what is -18 + -b270047?
-b270063
In base 16, what is 1 - -13a6773e?
13a6773f
In base 5, what is 13104203212 - -3?
13104203220
In base 16, what is 0 - 10ce934?
-10ce934
In base 3, what is 11121210102002 + -10110?
11121210021122
In base 9, what is 40556 - -1160?
41726
In base 10, what is 3 + 1505186?
1505189
In base 16, what is 12b4e - 1907?
11247
In base 13, what is 4 - -357aa5?
357aa9
In base 5, what is 122420 - 14444303?
-14321333
In base 6, what is 2523534 - 135?
2523355
In base 12, what is -10 + -12b95693?
-12b956a3
In base 3, what is 210200220101 + -100?
210200220001
In base 14, what is -3 - 9282c7?
-9282ca
In base 15, what is -16 - 8576c?
-85783
In base 14, what is -39 + -266a9d?
-266ad8
In base 2, what is -11001011101011110110011101 + -11?
-11001011101011110110100000
In base 9, what is 517100 - -53?
517153
In base 15, what is -49493 - 45?
-494d8
In base 10, what is -46 + 78922?
78876
In base 14, what is 10644 - 50?
105d4
In base 8, what is -403623 + -22?
-403645
In base 9, what is 5 + -3342173?
-3342167
In base 3, what is 2202100100 + -20221?
2202002102
In base 3, what is -21121201111 - 121?
-21121202002
In base 4, what is 3101 - -300333022?
301002123
In base 6, what is 425505223 - 20?
425505203
In base 15, what is -1164b1 + 0?
-1164b1
In base 5, what is -2021 - -111420?
104344
In base 3, what is 1 - -12001102000021?
12001102000022
In base 6, what is 230331 + -452?
225435
In base 5, what is 131 + 20232424?
20233110
In base 6, what is -5321041451 + 3?
-5321041444
In base 6, what is -113105 - 1025330?
-1142435
In base 12, what is -7859a4 - 46?
-785a2a
In base 3, what is -22122020 - -200101?
-21221212
In base 7, what is 324061 + 264?
324355
In base 11, what is 0 - 842756?
-842756
In base 14, what is 104 - 1d5a5?
-1d4a1
In base 15, what is -1989c - -11?
-1988b
In base 6, what is -5130234 - 24?
-5130302
In base 3, what is 10200120211 + 1011210?
10201202121
In base 16, what is 1a56e - -2c6?
1a834
In base 11, what is -34580 - 113?
-34693
In base 14, what is -60 - -32943?
328c3
In base 4, what is 112 - -2200233103010?
2200233103122
In base 11, what is 4 + 53068430?
53068434
In base 16, what is 1f209b6 + 3?
1f209b9
In base 5, what is 112 + 133232044?
133232211
In base 3, what is -1021 + 220021101200?
220021100102
In base 9, what is -106255263 + -1?
-106255264
In base 5, what is 100032 + -33231?
11301
In base 10, what is -2427995 - 3?
-2427998
In base 12, what is -b095 - -247?
-aa4a
In base 5, what is -104313243 + 131?
-104313112
In base 13, what is 117 - -25cccb?
260115
In base 5, what is -2 + 3142244040?
3142244033
In base 11, what is -29115 - 169?
-29283
In base 12, what is 8616 - -665?
907b
In base 13, what is -b9c0 - c?
-b9cc
In base 11, what is -9 + -188010?
-188019
In base 10, what is 4 + -1714295?
-1714291
In base 7, what is -3016 + -156165?
-162214
In base 9, what is 0 - 1771822?
-1771822
In base 6, what is -3 - -203402410?
203402403
In base 11, what is -10530 + 73?
-10468
In base 4, what is 231233322 - -1023?
231301011
In base 4, what is 12 + -3031103220?
-3031103202
In base 16, what is c974 + -c?
c968
In base 16, what is 0 - -fc4bc99?
fc4bc99
In base 14, what is -129 + -619db?
-61b26
In base 14, what is 4328a - 1256?
42034
In base 16, what is 203b6 - -6d?
20423
In base 11, what is 26 - -7a3198?
7a3213
In base 14, what is a0 + -3940?
-3880
In base 3, what is 1020 + -220221112102?
-220221111012
In base 4, what is 2111021001 - 30?
2111020311
In base 9, what is -4 - -14442720?
14442715
In base 6, what is 1253 - 432400?
-431103
In base 9, what is -1186371 + -4?
-1186375
In base 14, what is 50bb + -3b6b?
1350
In base 15, what is 1490bba - 6?
1490bb4
In base 7, what is 2150 - -20062?
22242
In base 14, what is 7c8b25c - 2?
7c8b25a
In base 5, what is -4014 - -1413414?
1404400
In base 6, what is 45505224 + 5?
45505233
In base 3, what is -12002011120021 + 222?
-12002011112022
In base 2, what is -111100101010011101 - -110010010?
-111100100100001011
In base 8, what is -1 + 173436546?
173436545
In base 9, what is 3 - 18248448?
-18248445
In base 8, what is 465511 + -133?
465356
In base 5, what is -1442224332 - -312?
-1442224020
In base 10, what is -232996 - -96?
-232900
In base 2, what is -1011100100111000001 - -11101111?
-1011100100011010010
In base 14, what is -47b29 - -1d?
-47b0a
In base 8, what is 217235 + 325?
217562
In base 6, what is 1115130 + -53?
1115033
In base 6, what is 4 + 33505043?
33505051
In base 12, what is 4 + 2b0b22?
2b0b26
In base 6, what is 4 - 3342534431?
-3342534423
In base 2, what is -110 + -101001010111011101000111000?
-101001010111011101000111110
In base 6, what is 1213 - 1012445?
-1011232
In base 6, what is -24040332 + 111?
-24040221
In base 2, what is -1001001100 + -10011011111100101?
-10011101000110001
In base 10, what is -5 - 2317749?
-2317754
In base 9, what is 117 - -40651?
40768
In base 3, what is -2000212010 + 20002?
-2000122001
In base 2, what is 100100101001011001100001011 + 101?
100100101001011001100010000
In base 8, what is -14234154 - -320?
-14233634
In base 10, what is 0 + -28049298?
-28049298
In base 16, what is 6e574 - 5?
6e56f
In base 3, what is -12 + -102020010202220021?
-102020010202220110
In base 8, what is -441754 + -1260?
-443234
In base 13, what is 2 + -227905c1?
-227905bc
In base 15, what is -15815 - 258?
-15a6d
In base 12, what is a5754 - -27?
a577b
In base 5, what is -4313342441 - 1?
-4313342442
In base 5, what is 1 + 21100044212?
21100044213
In base 16, what is 278a7 + -dcf?
26ad8
In base 8, what is 30530 - -433513?
464243
In base 6, what is -22451115 - 3443?
-22455002
In base 8, what is -230 - -3614?
3364
In base 3, what is 1111 + -212122222022?
-212122220211
In base 9, what is 421143015 + 1?
421143016
In base 16, what is 4432 - 0?
4432
In base 12, what is -16593 - -363?
-16230
In base 7, what is -5 - -130340042?
130340034
In base 10, what is -33187 + 1620?
-31567
In base 15, what is 3e - -e57ea?
e5839
In base 6, what is 220 - 2030405?
-2030145
In base 16, what is 2f1 + 1335d?
1364e
In base 3, what is 100022201 - -2002?
100101210
In base 9, what is 70308484 + -3?
70308481
In base 10, what is 3263630 + 7?
3263637
In base 16, what is -3862 - 4d2a?
-858c
In base 13, what is 105 + -5c76?
-5b71
In base 14, what is -1009840 + 2?
-100983c
In base 8, what is -5 - -106115?
106110
In base 5, what is 100243241 - 4?
100243232
In base 4, what is 2111322033 + -130?
2111321303
In base 13, what is 5044 - -228?
526c
In base 15, what is -5 + -2610a3?
-2610a8
In base 13, what is -1123a43 - 10?
-1123a53
In base 5, what is -21104314 - 2040?
-21111404
In base 11, what is -8365 + -335a?
-10714
In base 6, what is -11105110 + -1031?
-11110141
In base 3, what is -200110 + -2110201111211?
-2110202012021
In base 11, what is 777246 - 35?
777211
In base 11, what is 53 - -22242a1?
2224344
In base 4, what is 123113213 + -1111?
123112102
In base 15, what is b4ba + 565?
ba30
In base 13, what is 8b2 + -15a8?
-9c6
In base 15, what is -6ce7e + 16?
-6ce68
In base 3, what is 20 - -12102122120221?
12102122121011
In base 11, what is -332 + -7a301?
-7a633
In base 7, what is 1460216 + 1021?
1461240
In base 9, what is 10161 + -15165?
-5004
In base 11, what is -5 + 315620a?
3156205
In base 10, what is 149 - 1678037?
-1677888
In base 14, what is -4b - 608733?
-608780
In base 8, what is 5 - 10263442?
-10263435
In base 3, what is 11200011021121020 + -2?
11200011021121011
In base 10, what is -129 - -114355?
114226
In base 6, what is 1303431550 - -31?
1303432021
In base 14, what is -48 + -22991?
-229d9
In base 4, what is -11322202232233 - 11?
-11322202232310
In base 16, what is 9 - 17dad9?
-17dad0
In base 9, what is 1 - 27074455?
-27074454
In base 12, what is 25 - -7662a3?
766308
In base 8, what is -2 + -25362442?
-25362444
In base 2, what is 0 - 110001101100000111010?
-110001101100000111010
In base 8, what is 5265541 - -3?
5265544
In base 7, what is 0 + 5303060506?
5303060506
In base 9, what is -225867828 - 5?
-225867834
In base 3, what is 1000112 + -1122221021202?
-1122220021020
In base 11, what is 2a40 + -70332?
-683a2
In base 13, what is -21a1c56 + 0?
-21a1c56
In base 12, what is 34614 - -312?
34926
In